{"id":78,"date":"2019-09-29T22:51:41","date_gmt":"2019-09-29T20:51:41","guid":{"rendered":"http:\/\/lespnn.fr\/?page_id=78"},"modified":"2019-09-30T12:21:19","modified_gmt":"2019-09-30T10:21:19","slug":"en-mission-avec-les-pnn","status":"publish","type":"page","link":"https:\/\/lespnn.fr\/index.php\/en-mission-avec-les-pnn\/","title":{"rendered":"En mission avec les PNN"},"content":{"rendered":"\n<p>L&rsquo;association Les Plongeurs Naturalistes de Normandie est missionn\u00e9e pour r\u00e9aliser des inventaires. Une mission d&rsquo;inventaire peut durer quelques jours mais aussi s&rsquo;inscrire dans un programme et dans ce cas s&rsquo;\u00e9taler sur plusieurs ann\u00e9es. C&rsquo;est la cas de nos missions \u00e0 Chausey. A ce jour, nous totalisons 8 missions sur l&rsquo;archipel \u00e0 raison de cessions de 8 \u00e0 10 jours par an.<\/p>\n\n\n\n<p>Tout cela ne s&rsquo;improvise pas, en dehors du cadre technique et scientifique il faut aussi organiser la logistique, organiser le travail car les membres sont tous b\u00e9n\u00e9voles et chacun donne de son temps en fonction de ses disponibilit\u00e9s.<\/p>\n\n\n\n<p>Trouver un bateau qui nous permettra de rejoindre&nbsp;nos sites de plong\u00e9es<\/p>\n\n\n\n<p>Organiser  le gonflage des blocs, en g\u00e9n\u00e9ral nous faisons deux plong\u00e9es sur le m\u00eame bloc ce qui demande&nbsp;d&rsquo;\u00eatre rigoureux dans le gestion de son air pendant la plong\u00e9e.<\/p>\n\n\n\n<p>R\u00e9pertorier le mat\u00e9riel n\u00e9cessaire au bon d\u00e9roulement de la mission. Cela inclut bien s\u00fbr le mat\u00e9riel de plong\u00e9e mais aussi le mat\u00e9riel de  laboratoire (microscope et loupe binoculaire), les appareil photos, les  ordinateurs.<\/p>\n\n\n\n<p>A tout cela il faut \u00e9galement ajouter le ravitaillement pour la dur\u00e9e du s\u00e9jour, eh oui, les plongeurs ont bon app\u00e9tit !<\/p>\n\n\n\n<p>Quand on compile tout \u00e7a, notre arriv\u00e9e sur l&rsquo;archipel ne passe pas inaper\u00e7ue !<\/p>\n\n\n\n<figure class=\"wp-block-image\"><img loading=\"lazy\" decoding=\"async\" width=\"638\" height=\"425\" src=\"http:\/\/lespnn.fr\/wp-content\/uploads\/2019\/09\/mission1-1.jpg\" alt=\"\" class=\"wp-image-89\" srcset=\"https:\/\/lespnn.fr\/wp-content\/uploads\/2019\/09\/mission1-1.jpg 638w, https:\/\/lespnn.fr\/wp-content\/uploads\/2019\/09\/mission1-1-300x200.jpg 300w, https:\/\/lespnn.fr\/wp-content\/uploads\/2019\/09\/mission1-1-624x416.jpg 624w\" sizes=\"auto, (max-width: 638px) 100vw, 638px\" \/><\/figure>\n\n\n\n<p> Nous sommes log\u00e9s \u00e0 l&rsquo;ancien&nbsp;s\u00e9maphore situ\u00e9 \u00e0 l&rsquo;autre extr\u00e9mit\u00e9 de la grande \u00eele.<\/p>\n\n\n\n<figure class=\"wp-block-image\"><img loading=\"lazy\" decoding=\"async\" width=\"960\" height=\"643\" src=\"http:\/\/lespnn.fr\/wp-content\/uploads\/2019\/09\/mission2.jpg\" alt=\"\" class=\"wp-image-98\" srcset=\"https:\/\/lespnn.fr\/wp-content\/uploads\/2019\/09\/mission2.jpg 960w, https:\/\/lespnn.fr\/wp-content\/uploads\/2019\/09\/mission2-300x201.jpg 300w, https:\/\/lespnn.fr\/wp-content\/uploads\/2019\/09\/mission2-768x514.jpg 768w, https:\/\/lespnn.fr\/wp-content\/uploads\/2019\/09\/mission2-624x418.jpg 624w\" sizes=\"auto, (max-width: 960px) 100vw, 960px\" \/><\/figure>\n\n\n\n<p> Le mat\u00e9riel le plus fragile et le plus lourd&nbsp;est charg\u00e9 dans une remorque attel\u00e9e derri\u00e8re un petit tracteur.<\/p>\n\n\n\n<figure class=\"wp-block-image\"><img loading=\"lazy\" decoding=\"async\" width=\"956\" height=\"639\" src=\"http:\/\/lespnn.fr\/wp-content\/uploads\/2019\/09\/mission3.jpg\" alt=\"\" class=\"wp-image-99\" srcset=\"https:\/\/lespnn.fr\/wp-content\/uploads\/2019\/09\/mission3.jpg 956w, https:\/\/lespnn.fr\/wp-content\/uploads\/2019\/09\/mission3-300x201.jpg 300w, https:\/\/lespnn.fr\/wp-content\/uploads\/2019\/09\/mission3-768x513.jpg 768w, https:\/\/lespnn.fr\/wp-content\/uploads\/2019\/09\/mission3-624x417.jpg 624w\" sizes=\"auto, (max-width: 956px) 100vw, 956px\" \/><\/figure>\n\n\n\n<p>Le reste est transport\u00e9&nbsp;\u00e0 pied, \u00e0 dos d&rsquo;homme ou dans des voiturettes \u00e0 bras. 30 minutes sont n\u00e9cessaires pour rallier le s\u00e9maphore par les petits chemins de terre. La derni\u00e8re mont\u00e9e vient \u00e0 bout des organismes m\u00eame aguerris !<\/p>\n\n\n\n<figure class=\"wp-block-image\"><img loading=\"lazy\" decoding=\"async\" width=\"957\" height=\"640\" src=\"http:\/\/lespnn.fr\/wp-content\/uploads\/2019\/09\/mission4.jpg\" alt=\"\" class=\"wp-image-100\" srcset=\"https:\/\/lespnn.fr\/wp-content\/uploads\/2019\/09\/mission4.jpg 957w, https:\/\/lespnn.fr\/wp-content\/uploads\/2019\/09\/mission4-300x201.jpg 300w, https:\/\/lespnn.fr\/wp-content\/uploads\/2019\/09\/mission4-768x514.jpg 768w, https:\/\/lespnn.fr\/wp-content\/uploads\/2019\/09\/mission4-624x417.jpg 624w\" sizes=\"auto, (max-width: 957px) 100vw, 957px\" \/><\/figure>\n\n\n\n<p>Mais une fois l\u00e0 haut la r\u00e9compense est toujours au rendez-vous. Une vue extraordinaire \u00e0 360\u00b0 sur l&rsquo;archipel, un r\u00e9gal chaque jour avec de magnifiques levers et couchers de soleil.<\/p>\n\n\n\n<figure class=\"wp-block-image\"><img loading=\"lazy\" decoding=\"async\" width=\"955\" height=\"641\" src=\"http:\/\/lespnn.fr\/wp-content\/uploads\/2019\/09\/mission5.jpg\" alt=\"\" class=\"wp-image-101\" srcset=\"https:\/\/lespnn.fr\/wp-content\/uploads\/2019\/09\/mission5.jpg 955w, https:\/\/lespnn.fr\/wp-content\/uploads\/2019\/09\/mission5-300x201.jpg 300w, https:\/\/lespnn.fr\/wp-content\/uploads\/2019\/09\/mission5-768x515.jpg 768w, https:\/\/lespnn.fr\/wp-content\/uploads\/2019\/09\/mission5-624x419.jpg 624w\" sizes=\"auto, (max-width: 955px) 100vw, 955px\" \/><\/figure>\n\n\n\n<p>Une journ\u00e9e en mission sur Chausey se d\u00e9roule de la mani\u00e8re suivante :<\/p>\n\n\n\n<p>06h30 &nbsp; &nbsp;Debout pour pr\u00e9parer le repas du midi.<\/p>\n\n\n\n<p>7h30 &nbsp; &nbsp; &nbsp; Petit d\u00e9jeuner pour toute l&rsquo;\u00e9quipe.<\/p>\n\n\n\n<p>8h30 &nbsp; &nbsp; &nbsp; D\u00e9part pour la base Louis Paulou, 30 minutes de marche.<\/p>\n\n\n\n<p>9h15 &nbsp; &nbsp; &nbsp; &nbsp;Plongeurs \u00e9quip\u00e9s, d\u00e9part en bateau vers le site de plong\u00e9e.<\/p>\n\n\n\n<figure class=\"wp-block-image\"><img loading=\"lazy\" decoding=\"async\" width=\"958\" height=\"638\" src=\"http:\/\/lespnn.fr\/wp-content\/uploads\/2019\/09\/mission6.jpg\" alt=\"\" class=\"wp-image-102\" srcset=\"https:\/\/lespnn.fr\/wp-content\/uploads\/2019\/09\/mission6.jpg 958w, https:\/\/lespnn.fr\/wp-content\/uploads\/2019\/09\/mission6-300x200.jpg 300w, https:\/\/lespnn.fr\/wp-content\/uploads\/2019\/09\/mission6-768x511.jpg 768w, https:\/\/lespnn.fr\/wp-content\/uploads\/2019\/09\/mission6-624x416.jpg 624w\" sizes=\"auto, (max-width: 958px) 100vw, 958px\" \/><\/figure>\n\n\n\n<p> Plong\u00e9e, dur\u00e9e environ 1h.<\/p>\n\n\n\n<figure class=\"wp-block-image\"><img loading=\"lazy\" decoding=\"async\" width=\"953\" height=\"634\" src=\"http:\/\/lespnn.fr\/wp-content\/uploads\/2019\/09\/mission7.jpg\" alt=\"\" class=\"wp-image-104\" srcset=\"https:\/\/lespnn.fr\/wp-content\/uploads\/2019\/09\/mission7.jpg 953w, https:\/\/lespnn.fr\/wp-content\/uploads\/2019\/09\/mission7-300x200.jpg 300w, https:\/\/lespnn.fr\/wp-content\/uploads\/2019\/09\/mission7-768x511.jpg 768w, https:\/\/lespnn.fr\/wp-content\/uploads\/2019\/09\/mission7-624x415.jpg 624w\" sizes=\"auto, (max-width: 953px) 100vw, 953px\" \/><\/figure>\n\n\n\n<p>13h00 &nbsp; &nbsp; Retour au s\u00e9maphore et repas.<\/p>\n\n\n\n<p>14h30 &nbsp; &nbsp; D\u00e9briefing de la plong\u00e9e, analyse des photos, observations au microscope des \u00e9chantillons pr\u00e9lev\u00e9s. Cette \u00e9tape est tr\u00e8s importante car elle conditionne la r\u00e9daction de notre rapport de mission. A noter que depuis 2014, nous incluons&nbsp;la description des habitats dans le cadre du programme de recherche HEIMa (Habitats, Esp\u00e8ces et Interactions Marines).<\/p>\n\n\n\n<figure class=\"wp-block-image\"><img loading=\"lazy\" decoding=\"async\" width=\"955\" height=\"641\" src=\"http:\/\/lespnn.fr\/wp-content\/uploads\/2019\/09\/mission8.jpg\" alt=\"\" class=\"wp-image-105\" srcset=\"https:\/\/lespnn.fr\/wp-content\/uploads\/2019\/09\/mission8.jpg 955w, https:\/\/lespnn.fr\/wp-content\/uploads\/2019\/09\/mission8-300x201.jpg 300w, https:\/\/lespnn.fr\/wp-content\/uploads\/2019\/09\/mission8-768x515.jpg 768w, https:\/\/lespnn.fr\/wp-content\/uploads\/2019\/09\/mission8-624x419.jpg 624w\" sizes=\"auto, (max-width: 955px) 100vw, 955px\" \/><\/figure>\n\n\n\n<p>18h00 &nbsp; &nbsp; Pr\u00e9paration du repas du soir.<\/p>\n\n\n\n<p>20h00 &nbsp; &nbsp;Repas.<\/p>\n\n\n\n<p>21h00 &nbsp; &nbsp; Poursuite des observations et identification des esp\u00e8ces pr\u00e9lev\u00e9es ou photographi\u00e9es.<\/p>\n\n\n\n<p>23h30 &nbsp; &nbsp;Tout le monde va se coucher, car une nouvelle journ\u00e9e nous attend demain !<\/p>\n\n\n\n<p>Eh oui Chausey \u00e7a se m\u00e9rite !<\/p>\n\n\n\n<p>A  la fin du s\u00e9jour, le travail n&rsquo;est pas termin\u00e9, il faudra encore de  longues journ\u00e9es pour trier toutes les photos, identifier les esp\u00e8ces et\u00a0r\u00e9diger le\u00a0rapport de la mission.<\/p>\n","protected":false},"excerpt":{"rendered":"<p>L&rsquo;association Les Plongeurs Naturalistes de Normandie est missionn\u00e9e pour r\u00e9aliser des inventaires. Une mission d&rsquo;inventaire peut durer quelques jours mais aussi s&rsquo;inscrire dans un programme et dans ce cas s&rsquo;\u00e9taler sur plusieurs ann\u00e9es. C&rsquo;est la cas de nos missions \u00e0 Chausey. A ce jour, nous totalisons 8 missions sur l&rsquo;archipel \u00e0 raison de cessions de [&hellip;]<\/p>\n","protected":false},"author":1,"featured_media":0,"parent":0,"menu_order":1,"comment_status":"closed","ping_status":"closed","template":"","meta":{"footnotes":""},"class_list":["post-78","page","type-page","status-publish","hentry"],"_links":{"self":[{"href":"https:\/\/lespnn.fr\/index.php\/wp-json\/wp\/v2\/pages\/78","targetHints":{"allow":["GET"]}}],"collection":[{"href":"https:\/\/lespnn.fr\/index.php\/wp-json\/wp\/v2\/pages"}],"about":[{"href":"https:\/\/lespnn.fr\/index.php\/wp-json\/wp\/v2\/types\/page"}],"author":[{"embeddable":true,"href":"https:\/\/lespnn.fr\/index.php\/wp-json\/wp\/v2\/users\/1"}],"replies":[{"embeddable":true,"href":"https:\/\/lespnn.fr\/index.php\/wp-json\/wp\/v2\/comments?post=78"}],"version-history":[{"count":9,"href":"https:\/\/lespnn.fr\/index.php\/wp-json\/wp\/v2\/pages\/78\/revisions"}],"predecessor-version":[{"id":108,"href":"https:\/\/lespnn.fr\/index.php\/wp-json\/wp\/v2\/pages\/78\/revisions\/108"}],"wp:attachment":[{"href":"https:\/\/lespnn.fr\/index.php\/wp-json\/wp\/v2\/media?parent=78"}],"curies":[{"name":"wp","href":"https:\/\/api.w.org\/{rel}","templated":true}]}}